[INFO] cloning repository https://github.com/celialewis3/chip8rs
[INFO] running `Command { std: "git" "-c" "credential.helper=" "-c" "credential.helper=/workspace/cargo-home/bin/git-credential-null" "clone" "--bare" "https://github.com/celialewis3/chip8rs" "/workspace/cache/git-repos/https%3A%2F%2Fgithub.com%2Fcelialewis3%2Fchip8rs", kill_on_drop: false }`
[INFO] [stderr] Cloning into bare repository '/workspace/cache/git-repos/https%3A%2F%2Fgithub.com%2Fcelialewis3%2Fchip8rs'...
[INFO] running `Command { std: "git" "rev-parse" "HEAD", kill_on_drop: false }`
[INFO] [stdout] 5c7fd378a2d0198abe75717030312fd8e65f62d4
[INFO] checking celialewis3/chip8rs against master#e6e4f7ed1589e03bc2f6c5931c1a72e7947e8682 for beta-170-4
[INFO] running `Command { std: "git" "clone" "/workspace/cache/git-repos/https%3A%2F%2Fgithub.com%2Fcelialewis3%2Fchip8rs" "/workspace/builds/worker-2-tc2/source", kill_on_drop: false }`
[INFO] [stderr] Cloning into '/workspace/builds/worker-2-tc2/source'...
[INFO] [stderr] done.
[INFO] validating manifest of git repo https://github.com/celialewis3/chip8rs on toolchain e6e4f7ed1589e03bc2f6c5931c1a72e7947e8682
[INFO] running `Command { std: CARGO_HOME="/workspace/cargo-home" RUSTUP_HOME="/workspace/rustup-home" "/workspace/cargo-home/bin/cargo" "+e6e4f7ed1589e03bc2f6c5931c1a72e7947e8682" "metadata" "--manifest-path" "Cargo.toml" "--no-deps", kill_on_drop: false }`
[INFO] started tweaking git repo https://github.com/celialewis3/chip8rs
[INFO] finished tweaking git repo https://github.com/celialewis3/chip8rs
[INFO] tweaked toml for git repo https://github.com/celialewis3/chip8rs written to /workspace/builds/worker-2-tc2/source/Cargo.toml
[INFO] crate git repo https://github.com/celialewis3/chip8rs already has a lockfile, it will not be regenerated
[INFO] running `Command { std: CARGO_HOME="/workspace/cargo-home" RUSTUP_HOME="/workspace/rustup-home" "/workspace/cargo-home/bin/cargo" "+e6e4f7ed1589e03bc2f6c5931c1a72e7947e8682" "fetch" "--manifest-path" "Cargo.toml", kill_on_drop: false }`
[INFO] running `Command { std: "docker" "create" "-v" "/var/lib/crater-agent-workspace/builds/worker-2-tc2/target:/opt/rustwide/target:rw,Z" "-v" "/var/lib/crater-agent-workspace/builds/worker-2-tc2/source:/opt/rustwide/workdir:ro,Z" "-v" "/var/lib/crater-agent-workspace/cargo-home:/opt/rustwide/cargo-home:ro,Z" "-v" "/var/lib/crater-agent-workspace/rustup-home:/opt/rustwide/rustup-home:ro,Z" "-e" "SOURCE_DIR=/opt/rustwide/workdir" "-e" "CARGO_TARGET_DIR=/opt/rustwide/target" "-e" "CARGO_HOME=/opt/rustwide/cargo-home" "-e" "RUSTUP_HOME=/opt/rustwide/rustup-home" "-w" "/opt/rustwide/workdir" "-m" "1610612736" "--user" "0:0" "--network" "none" "ghcr.io/rust-lang/crates-build-env/linux@sha256:19e73879b68f455e41552ea35293514db52ea292d993f571636dbffedb77a1ee" "/opt/rustwide/cargo-home/bin/cargo" "+e6e4f7ed1589e03bc2f6c5931c1a72e7947e8682" "metadata" "--no-deps" "--format-version=1", kill_on_drop: false }`
[INFO] [stdout] 4ba4a8cbd9a526ced70983bf371c70664793e4d122bef2be1e9848806181150e
[INFO] running `Command { std: "docker" "start" "-a" "4ba4a8cbd9a526ced70983bf371c70664793e4d122bef2be1e9848806181150e", kill_on_drop: false }`
[INFO] running `Command { std: "docker" "inspect" "4ba4a8cbd9a526ced70983bf371c70664793e4d122bef2be1e9848806181150e", kill_on_drop: false }`
[INFO] running `Command { std: "docker" "rm" "-f" "4ba4a8cbd9a526ced70983bf371c70664793e4d122bef2be1e9848806181150e", kill_on_drop: false }`
[INFO] [stdout] 4ba4a8cbd9a526ced70983bf371c70664793e4d122bef2be1e9848806181150e
[INFO] running `Command { std: "docker" "create" "-v" "/var/lib/crater-agent-workspace/builds/worker-2-tc2/target:/opt/rustwide/target:rw,Z" "-v" "/var/lib/crater-agent-workspace/builds/worker-2-tc2/source:/opt/rustwide/workdir:ro,Z" "-v" "/var/lib/crater-agent-workspace/cargo-home:/opt/rustwide/cargo-home:ro,Z" "-v" "/var/lib/crater-agent-workspace/rustup-home:/opt/rustwide/rustup-home:ro,Z" "-e" "SOURCE_DIR=/opt/rustwide/workdir" "-e" "CARGO_TARGET_DIR=/opt/rustwide/target" "-e" "CARGO_INCREMENTAL=0" "-e" "RUST_BACKTRACE=full" "-e" "RUSTFLAGS=--cap-lints=forbid" "-e" "RUSTDOCFLAGS=--cap-lints=forbid" "-e" "CARGO_HOME=/opt/rustwide/cargo-home" "-e" "RUSTUP_HOME=/opt/rustwide/rustup-home" "-w" "/opt/rustwide/workdir" "-m" "1610612736" "--user" "0:0" "--network" "none" "ghcr.io/rust-lang/crates-build-env/linux@sha256:19e73879b68f455e41552ea35293514db52ea292d993f571636dbffedb77a1ee" "/opt/rustwide/cargo-home/bin/cargo" "+e6e4f7ed1589e03bc2f6c5931c1a72e7947e8682" "check" "--frozen" "--all" "--all-targets" "--message-format=json", kill_on_drop: false }`
[INFO] [stdout] 10803e0d7a50199a856218dc6189d87a7589d558c2b02668f1c21047e5de1686
[INFO] running `Command { std: "docker" "start" "-a" "10803e0d7a50199a856218dc6189d87a7589d558c2b02668f1c21047e5de1686", kill_on_drop: false }`
[INFO] [stderr]     Checking chip8 v0.1.0 (/opt/rustwide/workdir)
[INFO] [stdout] error[E0583]: file not found for module `romloader`
[INFO] [stdout]  --> src/main.rs:3:1
[INFO] [stdout]   |
[INFO] [stdout] 3 | mod romloader;
[INFO] [stdout]   | ^^^^^^^^^^^^^^
[INFO] [stdout]   |
[INFO] [stdout]   = help: to create the module `romloader`, create file "src/romloader.rs" or "src/romloader/mod.rs"
[INFO] [stdout] 
[INFO] [stdout] 
[INFO] [stdout] error[E0583]: file not found for module `cpu`
[INFO] [stdout]  --> src/main.rs:4:1
[INFO] [stdout]   |
[INFO] [stdout] 4 | mod cpu;
[INFO] [stdout]   | ^^^^^^^^
[INFO] [stdout]   |
[INFO] [stdout]   = help: to create the module `cpu`, create file "src/cpu.rs" or "src/cpu/mod.rs"
[INFO] [stdout] 
[INFO] [stdout] 
[INFO] [stdout] error[E0583]: file not found for module `romloader`
[INFO] [stdout]  --> src/main.rs:3:1
[INFO] [stdout]   |
[INFO] [stdout] 3 | mod romloader;
[INFO] [stdout]   | ^^^^^^^^^^^^^^
[INFO] [stdout]   |
[INFO] [stdout]   = help: to create the module `romloader`, create file "src/romloader.rs" or "src/romloader/mod.rs"
[INFO] [stdout] 
[INFO] [stdout] 
[INFO] [stdout] error[E0583]: file not found for module `cpu`
[INFO] [stdout]  --> src/main.rs:4:1
[INFO] [stdout]   |
[INFO] [stdout] 4 | mod cpu;
[INFO] [stdout]   | ^^^^^^^^
[INFO] [stdout]   |
[INFO] [stdout]   = help: to create the module `cpu`, create file "src/cpu.rs" or "src/cpu/mod.rs"
[INFO] [stdout] 
[INFO] [stdout] 
[INFO] [stdout] error[E0433]: failed to resolve: could not find `Cpu` in `cpu`
[INFO] [stdout]   --> src/main.rs:12:24
[INFO] [stdout]    |
[INFO] [stdout] 12 |     let mut cpu = cpu::Cpu::new();
[INFO] [stdout]    |                        ^^^ could not find `Cpu` in `cpu`
[INFO] [stdout] 
[INFO] [stdout] 
[INFO] [stdout] error[E0433]: failed to resolve: could not find `Cpu` in `cpu`
[INFO] [stdout]   --> src/main.rs:12:24
[INFO] [stdout]    |
[INFO] [stdout] 12 |     let mut cpu = cpu::Cpu::new();
[INFO] [stdout]    |                        ^^^ could not find `Cpu` in `cpu`
[INFO] [stdout] 
[INFO] [stdout] 
[INFO] [stdout] error[E0425]: cannot find function `new` in module `romloader`
[INFO] [stdout]   --> src/main.rs:11:33
[INFO] [stdout]    |
[INFO] [stdout] 11 |     let rom_loader = romloader::new(&args[1]);
[INFO] [stdout]    |                                 ^^^ not found in `romloader`
[INFO] [stdout] 
[INFO] [stdout] 
[INFO] [stdout] error[E0425]: cannot find function `new` in module `romloader`
[INFO] [stdout]   --> src/main.rs:11:33
[INFO] [stdout]    |
[INFO] [stdout] 11 |     let rom_loader = romloader::new(&args[1]);
[INFO] [stdout]    |                                 ^^^ not found in `romloader`
[INFO] [stdout] 
[INFO] [stdout] 
[INFO] [stdout] error: aborting due to 4 previous errors
[INFO] [stdout] 
[INFO] [stdout] 
[INFO] [stdout] Some errors have detailed explanations: E0425, E0433, E0583.
[INFO] [stdout] 
[INFO] [stdout] For more information about an error, try `rustc --explain E0425`.
[INFO] [stdout] 
[INFO] [stdout] error: aborting due to 4 previous errors
[INFO] [stdout] 
[INFO] [stdout] 
[INFO] [stdout] Some errors have detailed explanations: E0425, E0433, E0583.
[INFO] [stdout] 
[INFO] [stdout] For more information about an error, try `rustc --explain E0425`.
[INFO] [stdout] 
[INFO] [stderr] error: could not compile `chip8` (bin "chip8") due to 5 previous errors
[INFO] [stderr] warning: build failed, waiting for other jobs to finish...
[INFO] [stderr] error: could not compile `chip8` (bin "chip8" test) due to 5 previous errors
[INFO] running `Command { std: "docker" "inspect" "10803e0d7a50199a856218dc6189d87a7589d558c2b02668f1c21047e5de1686", kill_on_drop: false }`
[INFO] running `Command { std: "docker" "rm" "-f" "10803e0d7a50199a856218dc6189d87a7589d558c2b02668f1c21047e5de1686", kill_on_drop: false }`
[INFO] [stdout] 10803e0d7a50199a856218dc6189d87a7589d558c2b02668f1c21047e5de1686
